Calculate the remainder when y is divided by g.
12
Let l be (-186)/18 - 1/(-3). Let m = l - -27. What is the remainder when 30 is divided by m?
13
Suppose -2*c = -c + 2. Let n be c/7 - (-233)/7. Let r = -7 + n. What is the remainder when r is divided by 9?
8
Let o = -130 - -149. What is the remainder when 131 is divided by o?
17
Let t = 45 + -26. What is the remainder when 56 is divided by t?
18
Suppose -j - 72 = -4*j. What is the remainder when 93 is divided by j?
21
Suppose 2 = -3*u + 32. Let j = 92 - 54. What is the remainder when j is divided by u?
8
Let w = 10 + -7. Suppose m + w*m = 8. Calculate the remainder when (2 + 2 - 2) + m is divided by 3.
1
Let u(c) = c**2 - c - 4. Suppose 0 = 3*g + g + 4. Let f be (g/3)/(2/(-18)). Calculate the remainder when 5 is divided by u(f).
1
Let d be (-2)/10 - (-104)/20. Suppose 0 = d*u - 575 + 85. Calculate the remainder when u is divided by 25.
23
Let k = -36 - -44. What is the remainder when k is divided by 5?
3
Suppose j - 2*j = -37. Calculate the remainder when j is divided by (52/(-10))/(20/(-50)).
11
Suppose 5*c - 4*i = 80 + 161, 0 = 2*c + 5*i - 103. Calculate the remainder when c is divided by 10.
9
Suppose -n - 2 = 0, -t + 4*t = 2*n + 19. Suppose t*f = -0*f + 15. Suppose -5*v + 33 = f. What is the remainder when v is divided by 4?
2
Suppose 0 = f + f - 104. Let w be f/9 + 2/9. Suppose -w*s - 12 = -2*v - s, -3*v = -s - 31. What is the remainder when 21 is divided by v?
10
Suppose 6*w - w + 75 = 0. Let g = 27 + w. Suppose 4*k + g = 0, -u - 3*u = -4*k - 168. What is the remainder when u is divided by 21?
18
Let g(c) = 7*c**2 - c - 1. Let d be (-3 + (-1 - -3))*-5. Suppose 4*v - 2*v + 4*y - 18 = 0, -d*v = -4*y - 73. What is the remainder when v is divided by g(-1)?
6
Suppose 0 = -6*n + n + 60. What is the remainder when 23 is divided by n?
11
Let i = -419 - -426. Suppose 0*n - n - 20 = -5*k, -3*n = -5*k + 30. What is the remainder when i is divided by k?
1
Let x(u) = 2*u + 1. Let j be x(6). Suppose -4*w + 83 = -j. Let y = -241 + 254. What is the remainder when w is divided by y?
11
Suppose 4*n = -0*n - 96. Let l = 39 + n. What is the remainder when 29 is divided by l?
14
What is the remainder when 23 is divided by 36/(-10)*(-35)/14?
5
Let b = -1 + 60. Calculate the remainder when b is divided by 20.
19
Suppose h + 5*w = 11, -3*h + 0*h + 22 = 4*w. Suppose 4*o + 21 = j, -j + 0*j + 3*o = -20. What is the remainder when j is divided by h?
5
Let w(k) = k**3 - 13*k**2 + 31*k + 5. Calculate the remainder when 101 is divided by w(10).
11
Suppose -126 = -o - 6*o. What is the remainder when 34 is divided by o?
16
Let k be -3*(20/6 - 2). Calculate the remainder when 27 is divided by k/((-4)/9) - 2.
6
Suppose -x + 0*x + 46 = 0. Let t be (-20)/(-6)*(-6)/(-4). Let b = x - t. Calculate the remainder when b is divided by 14.
13
Let d(m) = -3*m - 5. Let a(j) = j - 5. Let n be a(7). Let b be (-20)/(-25)*(-10)/n. Calculate the remainder when 19 is divided by d(b).
5
Suppose -t + 2*i = -4, -3*t - 4*i + 0 = -2. Suppose -t*k + 6*k = 3*g + 291, 2*g + 69 = k. Calculate the remainder when k is divided by 19.
18
Suppose 0 = 3*z + 5 - 17. Let v = 6 - z. Let f(h) = h - 2. Calculate the remainder when v is divided by f(3).
0
Let t = -7 - -21. Let z = 24 - -17. Calculate the remainder when z is divided by t.
13
Let m = 39 - 18. Suppose 4*c - m = 3*g, c + 3 = 2*g + 4*c. What is the remainder when 8/(-1)*6/g is divided by 6?
4
Let q be 2/(-1) + (17 - 8). Suppose q = 2*u - u. What is the remainder when 26 is divided by u?
5
Suppose a - 53 - 6 = 0. Let m(u) = 21*u - 1. What is the remainder when a is divided by m(1)?
19
Let s be (15/(-12))/(2/(-8)). Suppose -91 = -3*h - 5*n, -s*h + 3*n + n = -164. Calculate the remainder when h is divided by 17.
15
Let l be (4/10)/(4/(-60)). Let n(g) = -g - 8. Let a be n(l). Let u = a - -54. What is the remainder when u is divided by 18?
16
Let p(q) = -q**3 + 10*q**2 + 7*q + 3. Calculate the remainder when p(9) is divided by 37.
36
Let g = 0 + 3. Let d(l) = 6*l + 3. Let s be d(-2). Let h = -2 - s. Calculate the remainder when h is divided by g.
1
Let r(i) = -i**3 + 17*i**2 + 2*i - 27. Suppose -2*t + 7*t = 60. What is the remainder when t is divided by r(17)?
5
Let t be (-1 + -13)*2/4. Let j = 19 + t. Let m = 27 - j. Calculate the remainder when 28 is divided by m.
13
Suppose -5*w - 5*x + 70 = 0, 9 = 3*x - 6*x. Calculate the remainder when w is divided by 5.
2
Suppose 0*a = 2*x - 5*a + 1, -5*x + 32 = -a. Let i(b) = b**3 - 6*b**2 - 5*b - 2. What is the remainder when 46 is divided by i(x)?
10
Let c = -12 + 17. Let g(b) = 2*b + 3. Let k be g(c). Suppose -5*x - k = -113. Calculate the remainder when x is divided by 11.
9
Calculate the remainder when -1054*(-1)/10 - (-6)/10 is divided by 36.
34
Let j(f) = -31*f**3 + 2*f**2 + f. Let p be -72 + (3 - 2) - -2. What is the remainder when j(-1) is divided by (-1)/2 + p/(-6)?
10
Suppose 2*i - q - 22 = 0, 0*i + 60 = 4*i + 2*q. Let m = 113 + -89. What is the remainder when m is divided by i?
11
Suppose 5*w = 139 + 121. Calculate the remainder when w is divided by 18.
16
Suppose 5*d + 0*l - 3*l = 212, -l + 44 = d. Let w(o) = -o**3 + 8*o**2 + 2*o - 1. Let b be (-98)/(-12) - 3/18. Calculate the remainder when d is divided by w(b).
13
Suppose -4*s = 4*z - 100, -3*s - 11 = 4*z - 89. Suppose 9*r - 600 = 381. Calculate the remainder when r is divided by s.
21
Let g be 142/12 + (-2)/(-12). Suppose -24 = -2*o + g. Suppose 198 = 4*p - 4*u - 26, 3*p - 5*u = 174. What is the remainder when p is divided by o?
17
What is the remainder when 70 is divided by (4/3)/((-10)/(-285))?
32
What is the remainder when 88 is divided by -1 - (3/6 + 126/(-4))?
28
Let w(r) = 22*r**2 - r. Let m be w(-2). Suppose 5*v + m = -0*t + 2*t, -4*v = -2*t + 86. What is the remainder when t is divided by 9?
8
Suppose o + 1 = -0*o - 5*b, 4*o + 94 = -2*b. Let t be -1*-1*2*2. Let c = t - o. Calculate the remainder when c is divided by 8.
6
Let u(l) = l**3 + 4*l**2 - 5*l. Let p be u(-5). Suppose p*d + 19 = d. What is the remainder when d is divided by 7?
5
Suppose -i + 3*x = 0, -3*i = 2*x - 10 - 1. Suppose -7*g + 2*b = -i*g - 62, 3*g = -3*b + 69. Let u = -13 - -23. What is the remainder when g is divided by u?
8
Let j(i) = i**3 - 7*i**2 + 7*i - 2. Let p(a) = 4*a - 13. Let t(k) = k - 1. Let v(q) = -p(q) + 5*t(q). What is the remainder when v(6) is divided by j(6)?
2
What is the remainder when (-2624)/(-18) - 8/(-36) is divided by 50?
46
Let n = 41 - 11. Calculate the remainder when 89 is divided by n.
29
Let c(x) = 2 + 1 + 6*x + 1 + x**2. Let v(d) = -d**3 + 3*d**2 + d + 1. What is the remainder when c(-7) is divided by v(3)?
3
Let t(y) = 8*y - 1. What is the remainder when t(4) is divided by 17?
14
Let l(a) = 5*a + 56. Calculate the remainder when l(0) is divided by 20.
16
Let r be 2*((-9)/6)/(-3). Let n be -2 + 0/r + 8. Let l = 6 + n. Calculate the remainder when 35 is divided by l.
11
Suppose -4*y + 27 = o + 1, -3*y + 39 = 4*o. Let d = 18 - o. What is the remainder when d is divided by 7?
5
Let n(i) = -7*i**3 + i - 1. Let y be n(1). Let c = 15 + y. Let k(v) = -v**2 + 11*v - 1. Calculate the remainder when k(c) is divided by 12.
11
Let p = 469 - 314. Suppose 0 = 2*l - n - 67, -4*l - 2*n + p = 3*n. Calculate the remainder when 137 is divided by l.
32
Suppose 12*v - 651 = 5*v. What is the remainder when v is divided by 19?
17
Let m be 76/(-6) + (-6)/(-9). Calculate the remainder when 22 is divided by (-7)/(21/m)*2.
6
Suppose 0*a + 2*a = 82. What is the remainder when a is divided by 11?
8
Calculate the remainder when 104 is divided by ((-54)/(-7))/(39/182).
32
Suppose -4*s = -s - 72. Let k = s - 8. What is the remainder when k is divided by -1*3*(-2)/1?
4
Suppose w - 4*w = -36. What is the remainder when 22 is divided by w?
10
Let h = 26 - 13. Let z = -33 - -55. Calculate the remainder when z is divided by h.
9
Suppose 3*c = 5*c - 10. Suppose 5*y + 20 + 40 = 5*i, c*i = y + 44. Let l(j) = j**2 - 7*j + 3. What is the remainder when l(i) is divided by 7?
4
Let h = 9 + -5. Suppose 2*f + 0*f - i - 3 = 0, -h*i - 12 = 0. What is the remainder when (84 + f)*(-5)/(-10) is divided by 11?
9
Let s be ((-2)/6)/(2/(-24)). Let q = 7 - s. Suppose 6*t - 30 = q*t. What is the remainder when 18 is divided by t?
8
Suppose 7*